ue
Is 571989907 a prime number?
True
Is 67698919973 a prime number?
True
Is 94211653 a composite number?
False
Is 98751967 composite?
True
Is 59323139963 composite?
True
Is 81653313971 a composite number?
True
Is 189949699 composite?
False
Is 25776221297 composite?
True
Is 181268155091 a composite number?
False
Is 15366490747 prime?
True
Is 143071531451 prime?
True
Is 982867723 a prime number?
True
Is 2010053929 a prime number?
False
Is 59774487 prime?
False
Is 2852154757 a prime number?
False
Is 11615416247 a prime number?
False
Is 1077683077 prime?
True
Is 1325992093 composite?
True
Is 6363624577 a prime number?
True
Is 5365142971 a prime number?
False
Is 787901987 a composite number?
False
Is 89751938179 prime?
False
Is 122894399 a prime number?
True
Is 307367113 composite?
True
Is 2697702281 a prime number?
True
Is 523727367 a composite number?
True
Is 1622434153 a composite number?
True
Is 2363370959 composite?
True
Is 12611706101 a prime number?
True
Is 11878516999 a prime number?
True
Is 2375221213 composite?
True
Is 386085989 a composite number?
False
Is 6400076227 prime?
False
Is 4811678707 prime?
False
Is 849440573 composite?
False
Is 24344006 prime?
False
Is 12572856563 a prime number?
False
Is 10951480255 composite?
True
Is 301932185 a prime number?
False
Is 3871585163 a prime number?
True
Is 98630807619 a prime number?
False
Is 16884940927 composite?
False
Is 4272436081 composite?
False
Is 7553033279 prime?
False
Is 3045414467 prime?
True
Is 61101137633 composite?
False
Is 311776399 composite?
True
Is 812236441 composite?
False
Is 4000257491 a composite number?
True
Is 5468194217 prime?
True
Is 4156416553 prime?
True
Is 1270303871 a prime number?
False
Is 68377762613 prime?
False
Is 7224065683 composite?
True
Is 1184960521 prime?
False
Is 180247729793 a composite number?
True
Is 5816785759 prime?
True
Is 146551393 a composite number?
False
Is 352616429 prime?
False
Is 8684826013 a prime number?
False
Is 42957145853 prime?
True
Is 3862124939 a composite number?
True
Is 50028960797 a prime number?
True
Is 3259572647 prime?
False
Is 2420412391 a prime number?
True
Is 12723517 composite?
False
Is 11408465786 prime?
False
Is 997610959 a composite number?
False
Is 18186623881 composite?
True
Is 18739031867 a prime number?
False
Is 3170829485 a composite number?
True
Is 1198603603 a prime number?
False
Is 27244849681 a prime number?
False
Is 64969770911 a prime number?
True
Is 11793095429 a composite number?
True
Is 152062189 prime?
True
Is 813244633 prime?
True
Is 8664118991 prime?
False
Is 29728745861 a prime number?
True
Is 4723743617 a prime number?
False
Is 93510163 composite?
True
Is 760328678 a composite number?
True
Is 7730812973 a prime number?
False
Is 5173280927 composite?
False
Is 9389623693 a composite number?
False
Is 3019535317 composite?
False
Is 4750768741 prime?
True
Is 1974928651 a prime number?
True
Is 245801571 a prime number?
False
Is 11736169199 composite?
False
Is 18342257 composite?
True
Is 3407852447 a composite number?
True
Is 42691826141 composite?
True
Is 14569995361 a composite number?
True
Is 25419461269 a composite number?
False
Is 1070845682 composite?
True
Is 2457120407 a prime number?
False
Is 377528827 composite?
True
Is 202386109 prime?
False
Is 12891730281 a composite number?
True
Is 2291123063 prime?
True
Is 1240559009 a composite number?
True
Is 658603765437 composite?
True
Is 39183354107 prime?
True
Is 983443259 a prime number?
True
Is 173475092113 prime?
False
Is 14010613765 prime?
False
Is 2394729773 a composite number?
False
Is 48764329463 composite?
False
Is 29406361 prime?
False
Is 122156821 a prime number?
True
Is 4031123233 a composite number?
True
Is 11938969301 composite?
True
Is 160487248277 a composite number?
False
Is 488070379 prime?
False
Is 3357856573 a prime number?
True
Is 1027546969 a prime number?
True
Is 5260836131 composite?
False
Is 1371323147 a prime number?
True
Is 83771208551 a composite number?
True
Is 81964963 composite?
True
Is 16877728507 composite?
True
Is 5220959531 composite?
False
Is 662942681 a prime number?
True
Is 2114528797 composite?
False
Is 6092184581 a composite number?
True
Is 132538531 a prime number?
False
Is 3138317437 composite?
False
Is 77064474973 composite?
False
Is 42166647421 a prime number?
False
Is 1999924573 a composite number?
False
Is 9189002479 a composite number?
False
Is 2667343553 a composite number?
True
Is 564091063 a prime number?
True
Is 10458170321 prime?
True
Is 2360910269 a composite number?
False
Is 264346357 prime?
False
Is 309889673 a prime number?
False
Is 101928427 a prime number?
True
Is 161476771 composite?
False
Is 15450419597 a prime number?
True
Is 584184077 composite?
False
Is 673406441 composite?
True
Is 5726317763 prime?
False
Is 40951139501 a prime number?
True
Is 14369087207 a prime number?
True
Is 13099314223 prime?
False
Is 2904936811 a composite number?
True
Is 1170934861 a prime number?
False
Is 130883121373 a prime number?
False
Is 8359513919 prime?
True
Is 6726976403 prime?
False
Is 457783201 a composite number?
True
Is 14981190137 prime?
True
Is 477661637 a prime number?
True
Is 2001434453 composite?
False
Is 279556757 prime?
True
Is 31036371 a composite number?
True
Is 2856182309 composite?
False
Is 98030129 composite?
False
Is 2085672151 prime?
True
Is 661420511 prime?
False
Is 62837162753 a prime number?
False
Is 5649201563 a prime number?
False
Is 886079237 composite?
False
Is 2636079067 a composite number?
False
Is 11253964753 prime?
True
Is 578511223 composite?
False
Is 223667978 a prime number?
False
Is 3253367981 composite?
True
Is 10487305553 a prime number?
True
Is 34506352091 prime?
False
Is 1021102003 prime?
True
Is 7125847319 composite?
False
Is 3684202177 a prime number?
False
Is 38386706251 a composite number?
True
Is 2598064373 a composite number?
False
Is 1489235477 prime?
True
Is 27705259 composite?
False
Is 694259647 prime?
True
Is 416630131 a composite number?
True
Is 88687977493 a prime number?
True
Is 10691023327 a prime number?
False
Is 266115727 a composite number?
True
Is 17587697723 a prime number?
True
Is 21909729 a prime number?
False
Is 1231055003 composite?
False
Is 50671255567 composite?
False
Is 68362064609 composite?
True
Is 30575297209 a prime number?
True
Is 2054624602 composite?
True
Is 117212363 a prime number?
False
Is 38489108041 prime?
True
Is 2543358523 composite?
True
Is 4161289183 composite?
True
Is 97997081333 prime?
False
Is 148575066269 a prime number?
False
Is 9964418899 prime?
True
Is 8196775439 a prime number?
False
Is 102467213273 prime?
False
Is 14964169367 composite?
True
Is 161006641 prime?
True
Is 906535307 a composite number?
False
Is 2930372999 a prime number?
True
Is 440864269 composite?
False
Is 78730252543 composite?
False
Is 5084122853 a prime number?
False
Is 8955117629 a composite number?
True
Is 6302145593 composite?
True
Is 1413759127 a composite number?
True
Is 797122465 prime?
False
Is 1418336737 prime?
True
Is 41564029183 prime?
False
Is 1465475611 a prime number?
True
Is 51485331 a prime number?
False
Is 2943141017 prime?
True
Is 2480169487 a prime number?
False
Is 35318691281 prime?
True
Is 74703758363 prime?
False
Is 14327146835 a prime number?
False
Is 175478287 a composite number?
False
Is 13116270833 a composite number?
False
Is 40224438073 a prime number?
True
Is 15989436169 a prime number?
False
Is 540251461 composite?
True
Is 55561801 prime?
False
Is 589847359 a prime number?
True
Is 275205361 composite?
False
Is 1188122627 prime?
True
Is 6110519837 composite?
False
Is 541353893 a composite number?
True
Is 74168851591 a prime number?
False
Is 500269207 a composite number?
False
Is 6036884593 prime?
True
Is 388037947 a prime number?
False
Is 1126253503 prime?
True
Is 18161225461 composite?
False
Is 4055508407 prime?
False
Is 121048292137 a prime number?
True
Is 430576579 prime?
True
Is 531829387 composite?
False
Is 7562993 a composite number?
True
Is 11577553349 composite?
False
Is 109491392713 a prime number?
True
Is 51802598657 composite?
False
Is 10171687 a prime number?
True
Is 1571713907 prime?
True
Is 959351243 a composite number?
True
Is 12384357341 composite?
True
Is 108301397 a prime number?
False
Is 562790651 prime?
True
